1. Let l be t(-2). Suppose 3*d - 1 = l. Let q be 3/(9/(-3)) + d. Let g(n) = -n + 1. Give g(q).
-2
Suppose 0 = 54*i - 59*i. Suppose i = 4*k + 5*w - 28, -5*k + 35 = 3*w - 0*w. Let b(c) = c - 4. Calculate b(k).
3
Let y be (2 + 12/(-15))/(30/50). Let v(t) = -t**3 + 4*t**2 - t - 4. Determine v(y).
2
Let f(x) be the first derivative of 14 + 1/4*x**4 + 2*x**3 + 3/2*x**2 - 6*x. Let i be -5*(-1 + -1)/(-2). What is f(i)?
4
Let b(d) = 2*d**2 + 4*d - 1. Let z(c) = 3*c**2 - 8*c + 1. Let m(j) = 2*b(j) - z(j). Give m(-15).
-18
Let w = -92 - 84. Let d = w - -172. Let h(n) = -4*n + 14. Let l(q) = -q + 1. Let r(y) = h(y) - 5*l(y). Give r(d).
5
Let j(m) be the third derivative of m**5/60 - m**3/3 + 75*m**2. What is j(-2)?
2
Let u(r) = r - 10. Suppose b + 4*z + 11 = 0, -5*b + 0*z + 70 = -5*z. Calculate u(b).
-1
Let r(h) = -2*h + 3. Let d be r(-3). Let f = d + 3. Let p(n) = 11*n - 2 - f*n + 5 + 8. Give p(6).
5
Let r be (2 - -3)/(35/14). Let m(j) = 1 + 5*j + j**3 + 2*j**r - 4*j + 4*j**3 + j. Determine m(-1).
-4
Let x be 195/(-10)*(-2)/(-3). Let z = x + 16. Let n(j) = -1 - j + 3*j + 2*j + z. Give n(2).
10
Suppose -37*u = -31*u. Let b(f) be the second derivative of 5*f - 1/2*f**4 + u + f**3 + 1/20*f**5 + f**2. Determine b(5).
7
Let i(a) = 3*a**2 - 18*a - 28. Let g(q) = q**2 - 6*q - 9. Let m be 51/(-7) + 8/28. Let d(k) = m*g(k) + 2*i(k). Calculate d(6).
7
Let j be 1 + -2 + ((-2)/1 - 4). Let z(g) = -4*g - 2*g + g + 36. Let q(u) = u - 9. Let i(h) = -9*q(h) - 2*z(h). Calculate i(j).
2
Let o(k) = -2*k**2 + 7*k - 6. Let u(q) = q + 5. Suppose 0 = 3*y - 6*y - 3. Let w be u(y). Determine o(w).
-10
Let c(w) = 3*w - 2. Let x be c(11). Suppose -5*z = -q - x, -2*q - 4*z = 7 - 1. Let n(y) = -y**3 - 12*y**2 - 10*y + 5. Calculate n(q).
-6
Suppose 0 = -z - 3*a - 20 + 13, -4 = z + 2*a. Let g(q) = -24*q. Determine g(z).
-48
Let d be (12 + -12)*(-1)/3. Suppose -2*z = -d - 2. Let p(l) = 2*l - 1 - 5*l**2 + 4*l**2 + 116*l**3 - 109*l**3. Calculate p(z).
7
Let r(i) be the third derivative of -i**9/60480 - i**8/10080 + i**7/2520 - i**6/720 + i**5/2 - 7*i**2. Let v(u) be the third derivative of r(u). What is v(1)?
-2
Let d(y) = -25*y + 150. Let c be d(6). Let o(s) be the second derivative of -8*s + c - 2/3*s**3 - 3/2*s**2. Give o(-2).
5
Let q(p) = -p**2 + 2*p + 1. Let o be q(-1). Let h(a) be the second derivative of a**3 + 3*a**2/2 - 270*a. What is h(o)?
-9
Let i(j) = 3*j**2 - 2*j + 1. Let q be i(1). Let r(c) = c**3 - 10 - c - q*c**2 + 9 - 1. Determine r(2).
-4
Let s(p) = p**3 - 6*p**2 + 4*p - 26. Let c be s(6). Let j be c/(-5) - (-112)/20. Let i(x) = -2*x + 6. Give i(j).
-6
Suppose 3*s = 5*d - 49, -3*d + 4*s = 3*s - 27. Suppose -d*y + 2*y = -12. Let l(h) = 2*h**2 - 2*h - 2. Calculate l(y).
2
Let b(p) = 12*p + 20. Let f(w) = 8*w + 14. Let q(z) = 5*b(z) - 7*f(z). Calculate q(0).
2
Let u(j) = -74 + 0*j + 152 - j - 70. Let s(q) = -q. Let f(x) = -x**2 - 6*x - 6. Let y be f(-5). Let b(n) = y*u(n) - s(n). What is b(6)?
4
Let t(a) = -a**2 - a + 1. Let d(o) = o - 3. Let n be d(5). Determine t(n).
-5
Let v(q) be the second derivative of -q**6/360 + q**5/20 + q**4/6 + 5*q**3/2 + 16*q. Let c(h) be the second derivative of v(h). Calculate c(5).
9
Let h(j) be the first derivative of -31*j**2/2 + j + 25. Calculate h(-1).
32
Let a(j) = j**3 - 3*j**2 + 9*j + 6. Let s(v) = v**3 - 4*v**2 + 8*v + 6. Let h(z) = -4*a(z) + 5*s(z). Let w(i) = i**2 + 3*i + 3. Let r be w(-4). Calculate h(r).
-15
Let r(a) = 5*a. Let l = -3 + -13. Let n = -17 - l. Calculate r(n).
-5
Suppose -5*y = -d + 23, 2*d - 2*y = 4*d - 10. Let s(n) = n - 10. Determine s(d).
-2
Suppose 43 = -3*y - 29. Let f = y + 27. Let a(q) = -q**3 + 4*q**2 - 4*q - 1. What is a(f)?
-4
Let s(z) = -z**2 + 23*z + 28. Let b be s(24). Let y(n) be the third derivative of -1/6*n**3 - 1/8*n**b - 1/15*n**5 + 0*n + 0 + 2*n**2 - 1/120*n**6. Give y(-3).
-1
Let f(l) = l + 6. Let m be f(0). Suppose -m*b = -1 - 5. Let y(i) = -11*i**2 - i. Calculate y(b).
-12
Let v = -24 + 26. Let c(i) = -56*i - 4. Let h(u) = -19*u - 1. Let p(s) = -4*c(s) + 11*h(s). Let b(w) = 5*w + 2. Let l(t) = -11*b(t) + 4*p(t). Give l(v).
8
Suppose 0 = 29*a + 14*a - 16*a. Let m(g) = 4*g**2 - 6*g + 19. Let d(j) = 5*j**2 - 7*j + 19. Let w(y) = -5*d(y) + 6*m(y). Give w(a).
19
Let a(d) be the second derivative of -d**4/12 - 5*d**3/6 - 5*d**2 - 68*d. Give a(-4).
-6
Let g = -25 - -25. Suppose -15*t + 14*t + 24 = g. Let f be (-8)/t + (-4)/6. Let z(q) = 2*q. Calculate z(f).
-2
Let x(i) be the first derivative of i**2 + 6*i + 29. Let j(t) = t - 1. Let n(q) = -j(q) + x(q). Let h = -8 + 4. What is n(h)?
3
Let d(n) = -5*n**2 + 10*n + 2. Let c(u) = 4*u**2 - 9*u - 2. Let y(r) = r**2 - 11*r - 20. Let k be y(13). Let l(s) = k*d(s) + 7*c(s). Determine l(-2).
-4
Suppose 5*g = 3*k + 3, 2*k + 2 = -g + 13. Let w(x) = 1 + k*x**2 + x**2 + 8*x - 3*x**2 - x**3 - 4*x. Determine w(3).
4
Let z(y) be the third derivative of -y**5/20 - y**4/8 + 425*y**2. Give z(-2).
-6
Let r = -39 + 64. Let z = -25 + r. Let x(p) be the second derivative of p**3/6 - p**2 + p. Calculate x(z).
-2
Let d(w) = 13*w**2 - 9*w - 2. Let r be (2*(1 - 2))/((-10)/25). Let k(u) = -20*u**2 + 14*u + 3. Let x(q) = r*k(q) + 8*d(q). Calculate x(2).
11
Let f = 0 - -5. Let i(p) = 1 + 2*p - 4*p - f*p + 5*p. Let v = 11 - 13. Determine i(v).
5
Let z(p) = p**2 + p. Let c(o) = -2*o**2 - 8*o. Let w(i) = c(i) + 4*z(i). What is w(3)?
6
Let v(c) be the second derivative of -2*c**3/3 - 2*c + 31. Calculate v(-1).
4
Let d(c) be the second derivative of -c**5/20 - c**4/12 - c**3/3 - c**2/2 - 3*c. Suppose 6 = -8*h + 2*h. Give d(h).
1
Let o(v) = 10 - 13 - 14 + 22 + 24*v**2 - 4. What is o(1)?
25
Let t(k) = -4*k - 4. Let p(i) = i. Let j(m) = -7*m + 1. Let r(c) = 2*j(c) + 18*p(c). Let u be r(-2). Give t(u).
20
Let z(y) = y**2 + 11*y + 5. Let f be z(-11). Suppose f*l - 22 = -3*h, h + 26 = 6*l - l. Suppose -l*i + 50 = 15. Let g(u) = -u**2 + 6*u + 8. What is g(i)?
1
Let b be 10 - 2/(4/6). Let h(d) = 17*d - 1 - 6 - 15*d. Determine h(b).
7
Suppose 0 = -15*d + 7 + 38. Let j(h) = -5*h + 7. Determine j(d).
-8
Let x(d) = -3*d**2 - 2*d + 1. Let w(s) = 14*s**2 + 15*s - 6. Let y(r) = w(r) + 5*x(r). Let i(k) = 7*k**3 - 1. Let f be i(1). Give y(f).
-7
Let y(r) be the first derivative of 2*r**2 - 4*r - 431. Calculate y(-6).
-28
Let u = 27 - 25. Suppose -2*l - 3*l = 2*d + 8, -5*d - u*l = -22. Let r(f) = -f**2 + 7*f - 3. Calculate r(d).
3
Let q(z) be the first derivative of 17*z**2/2 - 2*z + 560. Determine q(-1).
-19
Suppose 5*k - 10 = 0, 4*k + k - 6 = -o. Let c be ((-2)/3)/(o/18). Let s(r) = 0*r + 2*r - c*r - 13 + 2*r. What is s(7)?
-6
Let m(d) = 2*d - 25. Let g(p) = -2*p + 25. Let x(r) = -5*g(r) - 4*m(r). What is x(13)?
1
Let p(x) = x**2. Let t(z) = -z**3 - z**2 + 5*z - 8. Let q(d) = 4*p(d) - t(d). Let n = -169 - -163. Calculate q(n).
2
Let s = -1107 - -1100. Let l(r) = -3*r - 14. Calculate l(s).
7
Let c(a) = -13*a**3 - a**2. Suppose -15 = -2*o - x, 5*o - 4*x = -2*x + 15. Let s be ((-2)/32*-4)/(o/(-20)). Give c(s).
12
Let z(q) be the third derivative of q**7/1008 + q**6/720 - q**5/60 + 19*q**2. Let h(c) be the third derivative of z(c). Give h(1).
6
Let p(r) = -2*r + 2. Let i be p(-6). Let x be (-4)/i + 40/(-7). Let h(t) be the third derivative of -t**4/12 - 7*t**3/6 - 6080*t**2. Determine h(x).
5
Let h = 2 + -9. Let l(s) = -213 + 112 + 105 - 11*s. Let k(a) = 2*a - 1. Let i(c) = -5*k(c) - l(c). Give i(h).
-6
Let w(f) be the third derivative of f**9/6048 - f**7/2520 + f**6/720 + 11*f**5/60 + 10*f**2. Let z(d) be the third derivative of w(d). Determine z(1).
9
Suppose 3 - 3 = -20*y. Let a(r) = r**2 + r + 13. Give a(y).
13
Suppose 2*z - 66 = -70. Let c(s) = 4*s**3 - s**2 + 7*s**3 - 6*s**3 - 4*s - 3 - 4*s**3. Calculate c(z).
-7
Let q(i) = -71*i**2 + 12 - 5 - 2*i + 75*i**2 - 3*i - 6*i + i**3. What is q(-6)?
1
Let c(s) = -2*s**3 - 2*s**2 - s - 1. Let z(x) = -4*x**2 + 15*x + 2. Let o = 45 + -41. Let m be z(o). Calculate c(m).
9
Let s(d) be the third derivative of d**5/60 - 5*d**4/12 + 5*d**3/2 + 551*d**2. What is s(12)?
39
Let o(c) be the second derivative of 1/2*c**2 + 0 + 34*c + 1/3*c**3. Give o(2).
5
Let a = -220 + 225. Let q(n) be the first derivative of n**3/3 - 7*n**2/2 + 2*n - 9. Determine q(a).
-8
Suppose 229 = 5*y + 89. Let s(a) = a + 18 + 15 - y. Give s(-6).
-1
Suppose 0 = 5*u - 15, 23 = 4*b - 2*u - 7